7 + 171. Let f(m) = w*h(m) - i(m). Calculate f(5).
-19
Let h(d) = 8*d - 5. Let g(u) = -17*u + 7. Let x(r) = 6*g(r) + 13*h(r). Determine x(19).
15
Let o(f) = -6 - 2 - f + f + f. Suppose -533*c = -500*c. What is o(c)?
-8
Let w = 253 + 297. Let r = -551 + w. Let z(j) = -3 + 6*j + 3. What is z(r)?
-6
Let r(n) = 23*n + 2*n**2 + 2 + 0 - 43*n + 17*n - n**3. Suppose -4*c - 5*u = -u + 8, 0 = u + 4. What is r(c)?
-4
Suppose 1278*k - 1289*k + 176 = 0. Let a(v) = -v + 15. Calculate a(k).
-1
Let o(v) = 2*v**3 - 3*v**2 - 4*v - 1. Let n = 39 + -49. Let j be 10/4 + n/(-20). Determine o(j).
14
Let s(p) = -p**2 + 3*p - 1. Suppose 5*l = -4*m - 15, -4*m + 4*l = m + 29. Let k be (-1 - (-8 - -3)) + m/5. Calculate s(k).
-1
Let k be (-24)/14*(-3)/12*14. Let s(c) = k*c**2 + 9*c - c**3 - 227 - 2*c + 232. Calculate s(7).
5
Let l = -101 + 100. Let x be -5 - ((l - -7) + -12). Let r(k) = -k**3 - k**2 + 2*k - 1. What is r(x)?
-1
Let a(t) = -102 + 33 + 68 - 2*t. Determine a(0).
-1
Let m(h) be the first derivative of -h**4/4 + 2*h**3 - 11*h**2/2 + 60*h + 3580. Determine m(6).
-6
Let m(n) be the third derivative of -n**5/15 + 5*n**4/8 + n**3/2 - 303*n**2. Suppose 0 = 3*r - 5*j - 12, 3*r + 7 = 4*j + 19. Determine m(r).
-1
Let i(z) = 9*z + 42 + 33 - 156 + 40 + 32. Determine i(7).
54
Let g(o) = 7*o**3 + 62*o**2 + 31*o - 130. Let m(w) = -4*w**3 - 32*w**2 - 19*w + 64. Let a(d) = -3*g(d) - 5*m(d). Give a(-26).
18
Let a = 65 - 70. Let c be (-2)/((-4)/5) + (-3)/6. Let i(v) = v - 2 + 35*v**2 + 3*v - 34*v**c. Give i(a).
3
Let c(t) = -7*t + 162. Let f(m) = -26*m + 484. Let r(j) = 8*c(j) - 3*f(j). Determine r(7).
-2
Let d(c) = -4*c**2 + c + 1. Let p = -23 - -34. Suppose -w + p = 4*a, 3*w - 15 = -a - 4. Suppose a*z = -3*j - 8, -3*j = 2*z + j + 12. Give d(z).
-13
Suppose -6*z + 5*u - u = 0, -3*u + 7 = -z. Let d(r) = -3*r**2 - r - 3. What is d(z)?
-17
Let b(m) be the second derivative of m**5/15 - 5*m**4/12 - 52*m**3 - 4*m - 61. Let i(l) be the second derivative of b(l). Determine i(2).
6
Let t(g) = 167*g - 161 + 173*g - 328*g + 23. Determine t(12).
6
Suppose -5*y + 5 = -15. Let m(s) be the second derivative of 2/3*s**3 - 1/20*s**5 - 1/2*s**2 - 4*s - 6 + 1/4*s**4. Calculate m(y).
-1
Let d(g) = 3*g**3 - 5*g**2 - g + 3. Let h(m) = -8*m**3 + 11*m**2 + 3*m - 7. Let b(n) = -5*d(n) - 2*h(n). Let k be (2 - (-3)/(-6))*(-12)/6. What is b(k)?
2
Let w(z) be the first derivative of -z**2/2 - z + 2. Let l be 0 - ((-1570)/100 - -12) - (-3)/10. Calculate w(l).
-5
Let z = -184 + 185. Let c be ((-18)/(-315)*14)/(z/10). Let i(p) = -p + 10. What is i(c)?
2
Let z(f) = f - 2. Let t be z(5). Suppose 5*g = 2*c + g - 244, 3*c = 5*g + 361. Let b(i) = -i - 4*i**2 + 4*i + 113*i**3 - 3 + i**2 - c*i**3. Calculate b(t).
6
Let u(p) = -11*p + 4 - 3 - 3 + 11 + p**2. Let q(t) = -15*t + 326. Let h be q(21). What is u(h)?
9
Let o(l) be the second derivative of 0 - 1/24*l**4 - 10*l + 1/6*l**3 - 15/2*l**2. Let d(q) be the first derivative of o(q). Give d(-5).
6
Let k = -46 - -32. Let a(t) = -410*t - 15 + 539*t - 130*t. Give a(k).
-1
Let o = -504 - -506. Let b(n) = 4*n + 5 + o*n - 7 - 5*n + n**2 + 7*n. Determine b(-6).
-14
Let i(g) be the third derivative of 2*g**3 - 1/4*g**4 + 0 + 42*g**2 + 0*g. Let d(a) = -11*a + 23. Let t(y) = -4*d(y) + 7*i(y). What is t(6)?
4
Let j(y) be the second derivative of -2*y**3 - 39*y**2 - 1891*y. What is j(-6)?
-6
Suppose -z = -2*z + c + 6, -5*z = c - 12. Let t(g) = 10*g - 5*g**2 - z - 2*g - 2*g - 2*g. Let i = -67 - -69. Calculate t(i).
-15
Let c(h) = -h**3 + 17*h**2 - 19*h + 12. Let u be c(14). Let n(t) = -339*t - t**3 - 2 + u*t - 2 + 7*t**2. Calculate n(6).
2
Let k(s) be the first derivative of -2*s**2 + 9*s - 19. Let c(b) = 4*b - 7. Let h(x) = -4*c(x) - 3*k(x). Give h(2).
-7
Suppose -222 + 228 = 2*l. Suppose -4 = l*z - h - h, -z = 3*h - 17. Let o(a) = -z*a - 6 + 15 - 10 + 3*a**2. Determine o(-1).
4
Let d(o) = o**3 + 7*o**2 - o - 6. Let a be (-455)/(-39) + 2/6 + -2. Suppose -8*v - 14 = -a*v. Suppose 49 - v = -6*m. Determine d(m).
1
Let v(l) be the second derivative of -19*l**3/6 - 40*l**2 + 4629*l. Give v(-6).
34
Let t(n) be the second derivative of -n**4/4 + 5*n**3/6 + 7*n**2/2 + 77*n. Give t(-1).
-1
Let n(y) = 10*y + 61. Let u be n(-6). Let f(i) = u + 903*i - 902*i + 2 - 2. What is f(-1)?
0
Let q(v) = -125 + 61 - 3*v + 0*v - 4*v**2 + v + 71. Determine q(0).
7
Let y(p) = 5*p**2 + 2*p - 2. Let r(x) = x**2 + x. Let s(f) = 6*r(f) - y(f). Let j = 527 + -486. Suppose j*b - 48*b - 21 = 0. What is s(b)?
-1
Let r(z) = -513*z + 2661. Let s(b) = 32*b - 166. Let d(y) = -2*r(y) - 33*s(y). Give d(5).
6
Let r(i) be the third derivative of -i**4/6 + i**2. Let y be 4/(216/6) - 71/(-9). Suppose 6 = -z + y. Give r(z).
-8
Let d(g) = 5*g**3 + 2*g**2 - 3*g + 1. Let u(q) = -q**3 + q**2 + q - 1. Suppose 259*o - 30 = 254*o. Let p(z) = o*u(z) + d(z). What is p(8)?
19
Let p(k) = -1. Let n(h) = h + 1. Let q(b) = 7*n(b) + 6*p(b). Let x = -1197 - -1198. What is q(x)?
8
Let l(m) = 3*m + 10. Let r(u) = -8*u - 21. Let t(w) = 10*l(w) + 4*r(w). Let v be 202/18 - 4/18. Determine t(v).
-6
Let y(n) = -4*n + 6. Let r = 143 - 23. Let l = 124 - r. Suppose l*c = -3*c + 28. Give y(c).
-10
Let o(g) = g**3 - 14*g**2 - g + 15. Let y be o(14). Let i be 3 + ((-1)/y)/(-2)*-2. Let c(h) = 0*h**i - 7 + 3*h**2 - 4*h**2 - 7*h. Give c(-6).
-1
Let d(a) be the second derivative of 1/30*a**5 - 1/2*a**3 + 16*a**2 - 1/12*a**4 + 0 - 25*a. Let v(f) be the first derivative of d(f). Give v(-2).
9
Suppose -1807 = -24*o - 1927. Let v(r) = -2*r**2 - 5*r + 16. Give v(o).
-9
Suppose 5*n + 34 = -1. Let l(d) = -3*d - 18. Let j be l(n). Let t(p) = 4*p - j - 1 - 4 - p**2 + 6. Give t(4).
-2
Let c(k) be the first derivative of 11/2*k**2 - 90 - 1/3*k**3 - 6*k. What is c(10)?
4
Let w = -3 - -2. Suppose -n - 31 = 5*m - 77, 3*m = -4*n + 133. Let k(l) = 0 + 3*l**2 - 60*l + n*l + 28*l - 1. Determine k(w).
3
Let n = 323 - 320. Suppose -5*g - 15 = -2*x + 2, 2*x - n*g = 11. Let i(a) = -19*a + 2. Give i(x).
-17
Let s(i) = -8*i**2 - 10*i - 95. Let a(f) = -4*f**2 - 4*f - 41. Let v(t) = 7*a(t) - 3*s(t). Calculate v(2).
-14
Let l(b) = b**2 - 8*b - 91. Let m be (10/(-2) - 0) + (-10 + 18 - 9). What is l(m)?
-7
Let a(p) = -p - 3. Let n be a(-6). Let x(t) = 12 + 11 + 3*t - 2*t - 24. Let l(o) = -o**2 - 3*o + 2. Let v(k) = -l(k) - 3*x(k). Determine v(n).
10
Let w(a) = -3*a**2 - 2*a - 28. Let z(x) = 7*x**2 + 17*x + 51. Let d(b) = 5*w(b) + 2*z(b). Determine d(24).
-38
Let w(t) = -t**3 + 4*t**2 + 8*t - 8. Let x = 4837 - 4833. What is w(x)?
24
Suppose 5*w - 3*q + 11 = -2*q, 18 = -2*w - 3*q. Let u(i) be the second derivative of 5*i**3/3 + 3*i**2/2 - 2913*i. What is u(w)?
-27
Let l(r) = -16*r**2 - 40*r + 6. Let m(z) = 3*z**2 + 8*z - 1. Let c(i) = 2*l(i) + 11*m(i). Let n = -90 + 100. Suppose 18 = -4*h - n. What is c(h)?
-6
Let i(j) be the first derivative of -2*j**2 - 5*j - 2. Let p = 191833 - 191837. Determine i(p).
11
Let v(o) = -6*o - 47. Let p be 1/((6/(-54))/(2 + -1)). Determine v(p).
7
Let f(o) be the second derivative of 7*o**4/12 - 5*o**3/6 + 3*o**2 + 3*o + 63. Give f(2).
24
Let k(s) = -4*s**2 - s + 2. Let q(d) = -d - 23. Let t be q(10). Let u = 31 + t. Let j be ((-32)/(-48))/(u/6). Determine k(j).
-12
Let l(c) = -c**2 - 24*c + 31. Let h(s) = 5*s**2 + 121*s - 154. Let q(n) = -2*h(n) - 11*l(n). What is q(-23)?
-10
Let g = -7196 - -7197. Let i(x) be the second derivative of -x**5/5 - x**4/6 + x**3/3 - x**2/2 - 10*x. Calculate i(g).
-5
Let s(g) = -37*g - 97. Let v be s(-25). Let p = -838 + v. Let y(m) be the second derivative of m**5/20 + 5*m**4/6 - m**3/6 - 5*m**2 - m. What is y(p)?
0
Suppose 5*z - 486 = 309. Let i = 162 - z. Let a(y) = 2*y - 1. What is a(i)?
5
Let l(u) = -2*u + 17. Suppose -520*w - 544*w - 713 = -1033*w. Determine l(w).
63
Let n(m) = -19*m - 159. Let x(l) = -38*l - 320. Let f(a) = 7*n(a) - 3*x(a). Determine f(-8).
-1
Let r(g) = -4*g**3 + 22*g**2 - 2*g - 4. Let b(o) = 9*o**3 - 45*o**2 + 4*o + 7. Let f(y) = 6*b(y) + 13*r(y). Let s(c) = 99*c - 1988. Let k be s(20). Give f(k).
6
Let u(b) = -b**3 - b - 1. Let t(z) = 7*z**3 - 11*z**2 - 5*z + 26. Let f(p) = t(p) + 8*u(p). Calculate f(-9).
-27
Suppose -22 = -7*i + 188. Let k be (-3)/(-6) - (-21)/6. Suppose k*z + b = -1, -4*z - z + i = -5*b. Let l(f) = 21*f**3 + 2*f - 1. What is l(z)?
22
Let a be (2/8)/((-1)/(-20)). Suppose a